 1 - 57))
82
152 + 174 + -384 + 23 + 1
-34
What is -1 - 35 - (-218 - -238)?
-56
Evaluate 18 - -17 - 72 - -62.
25
Evaluate (-10 - -13) + -14 + 59 - (8 - (-2 - 0)).
38
-19 - (26 + 6 + -53) - 129
-127
Evaluate -38 - 2 - (508 + -532) - 21.
-37
Calculate 143 - 136 - (-11 + -83).
101
Calculate 73 + -37 - -20 - 71.
-15
What is the value of (-5 - -5) + (-22 - -2 - 10) + 6?
-24
Calculate -54 + 91 + -39 + 15 - -72.
85
Evaluate (-93 - -48) + -18 + -15 + 55.
-23
Calculate (-148 - -3) + (2044 - 2004).
-105
What is 4 + -3 + (1 - -1) + 5 - (141 + -88)?
-45
What is -44 + -6 - (-75 - -99 - 13)?
-61
Calculate 51 - 1 - 0 - (78 + -88 + 74 - 70).
56
What is 25 - (6 - (-16 + -44))?
-41
What is the value of 51 + (-59 + 1 - -15) + 102 + -2?
108
What is -10 + (22 - (48 - (0 + 17)) - -22)?
3
What is the value of 6 - (-297 + 264 + (5 - 40))?
74
What is 138 + -102 + -85 - -54?
5
What is the value of (-19 - 0) + -14 - (3 + -11)?
-25
Calculate -24 - (138 + -129 + (1 - 18)).
-16
What is -35 + (-37 - -43) - 17 - -186?
140
What is the value of 616 + -628 - (-38 - 6)?
32
What is ((39 - 88) + 4 - -50) + -11?
-6
Calculate 80 + -14 + 857 + -831.
92
Calculate -3 - 17 - (-20 + 11) - 23.
-34
What is the value of 39 + 25 + (2 - 59)?
7
What is -1 + -4 - (43 - 0) - (3062 + -3083)?
-27
What is the value of 31 + (-27 + -4 - -33) + -10?
23
What is the value of -13 - -62 - (53 - 33)?
29
Evaluate -23 + 31 + 1 + -18 + -48 + 36.
-21
Evaluate (61 - 69 - -44) + -42.
-6
What is the value of (-36 - -106) + -103 + 51?
18
What is the value of -9 + (3 - -31) + 10 + -20 + -2?
13
23 - 18 - (5 + 2 + -4 + 8) - -7
1
What is the value of 2 + -4 + 6 - (-6 - (-42 + -1) - 52)?
19
(4 - 1 - 3) + 7 - ((12 - -72) + 6)
-83
What is -38 + -24 + -1 - (-28 + 15 - -4)?
-54
Calculate 17 + (69 - 57) - -30.
59
Evaluate 17 + -3 - (17 + -3 + -6).
6
Calculate 27 + -26 + -21 - -15 - (-3 + 16 - 0).
-18
What is 0 + 0 + (-17 - 2) - (604 - 614) - -7?
-2
-277 + 322 + (11 - -39)
95
What is the value of -32 - (-48 + 87) - -41?
-30
What is the value of 37 + ((19 - (66 + -19)) + 24 - -6)?
39
(-14 - -11) + -19 + 32 + 67
77
What is -97 + (-50 - (-144 - -13))?
-16
Evaluate 2 + -6 + -4 + -33 + 49.
8
What is the value of 7 + (-1 + 7 - 3) + (234 - 302)?
-58
Evaluate 8 - 10 - 4 - (6 + -33 + 16).
5
What is the value of (-32 - -44) + -37 - -14 - (4 + -1)?
-14
Calculate (-30 - -79) + -79 + 104.
74
-17 - (23 + -21 + -13 + 4) - (0 - 48)
38
What is -29 + -5 + (6 - 3) - ((3 - 3) + 8)?
-39
Evaluate 9 + -40 + (6 - (13 - 19)) + 71.
52
(5 - 34) + 257 + -233 - 11
-16
What is 7 + (6 - (52 - -7)) + (4 - 1)?
-43
Calculate (27 - 4 - (71 + -69)) + 46.
67
Calculate (-8 - (-11 + 1) - 0) + 58 + -69.
-9
1 - (-31 - -10 - -9)
13
What is -16 + 2 - ((-4 - (62 - 12)) + 1)?
39
Calculate 0 + 6 + -1 - (-71 + 128 - (9 + -13)).
-56
-10 - (22 - (22 - 12) - 10 - (53 + 1))
42
What is the value of (-5 - -3) + -4 + -27 + 3?
-30
Evaluate (-84 - -33) + 155 + 25.
129
What is -25 - (12 + (-3 - -19 - 15)) - 2?
-40
Evaluate -21 + -37 + -15 + 96.
23
-22 - (-18 + 24 + -4 + (-60 - -31))
5
What is 5 + (-7 - (0 + 2)) + (69 - 57)?
8
Evaluate 73 + -54 + (-123 - -57).
-47
(-54 - 71 - -268) + -35
108
-1 + (55 - (43 + -45 + (4 - 8)))
60
What is the value of (-15 - -80 - 70) + 37?
32
Evaluate 106 - ((37 - 5) + 74 + -96).
96
Evaluate 14 - (13 + -14 + -7 + 3).
19
Evaluate 52 - (8 - -14) - (-21 - -71).
-20
Calculate -1 + -14 + (-5221 + 5395 - (1 - -35)).
123
What is the value of 20 + 1 + 3 + 1 - (50 + -32)?
7
What is (36 - (-18 - -56)) + 50?
48
24 - (8085 - 8101 - (-93 + 1 + -1))
-53
-18 - (116 - 48) - -54
-32
What is 524 + -509 + (-60 - -1)?
-44
Calculate 114 + -207 - 16 - (-23 - -2).
-88
-11 + 27 + -16 + 7 + 3 + 5 + 2
17
Calculate -119 + 102 - (-3 + 5 + 6 - (6 - 2)).
-21
What is the value of -9 + 10 + (22 + (15 - 21) - -2)?
19
What is the value of 13 + (38 - (44 + -16))?
23
What is (343 + -324 - (1 + 10 + (2 - 4))) + -50?
-40
Calculate -10 + 108 + 3 + (-19 - -6 - -26) + -14.
100
Calculate (23 - 57) + (16 - -4) - 26.
-40
Calculate (-1 + 5 - -8) + (-6 - 65) - (-6 + 0).
-53
Evaluate 21 + (2 - (4 + 2)) + (-6434 - -6450).
33
What is the value of -60 - (-114 + 12 + -13)?
55
1 - (21 + -32 - 7)
19
What is the value of (-1 - -15) + 533 + -581?
-34
(-66 - -27) + -2 + 123 + -25
57
Evaluate (-27 - 19) + 3 + -21 - -8.
-56
What is (22 - (10 + -2 + 2)) + 14 + (20 - -22)?
68
(0 - -89) + -860 + 693
-78
Calculate -2 - -1 - (15 - 7 - 10) - (-7 + 11).
-3
What is the value of 25 + 1 + 19 + -8 + -21 + 10?
26
What is the value of (-54 - (-69 + 51)) + 18?
-18
What is 64 - (70 - 76 - -41)?
29
What is the value of 53 + ((12 - 2 - 2) + -108 + 94 - -18)?
65
What is the value of -18 + 20 + (17 - 7 - -7) - 18?
1
Calculate -4 - (-5 + 5) - (33 + -38) - -12.
13
What is the value of (-50 - 1) + -4612 + 4597?
-66
What is 58 + 2 - (1 + (27 - (5 - -11)))?
48
What is the value of -2 - (2 + -18) - (-435 + 425)?
24
What is the value of 20 + 14 + -32 + 1 - (-50 - 0)?
53
Calculate (-49 - -110) + -2 + -111.
-52
298 + -276 - (126 + 4 + 1 - 7)
-102
-247 + 152 - (7 + (-23 - -4))
-83
What is the value of 17 + -5 + -12 + (-1 - -15)?
14
Evaluate -99 - (70 - 50 - (-1 - -36)).
-84
Evaluate -6674 + 6567 + (1 - -68).
-38
15 - (15 - 32 - (-81 + -10))
-59
What is the value of 2 + (-4 - -27) + 2 + -16 + -80?
-69
Calculate -1 + (-54 - (-10 - (7 - 3))).
-41
What is the value of 0 + 8 + (-127 - (74 + -137) - (3 + -2))?
-57
Calculate -24 + 2 + 2 - (101 + -246 + 262).
-137
(263 - 276) + (0 - (72 + 3)) + 0 - -7
-81
(180 - 115) + -14 + -5
46
Evaluate 51 + (40 - (-24 - -67)).
48
Evaluate -59 - (50 - (68 + -12)).
-53
Calculate 971 + -937 - (66 - 4).
-28
What is (7 - 3 - (-1 + 3)) + (172 - 98) + -53?
23
What is the value of 17 + -58 - -15 - (9 + 1)?
-36
What is 371 - 350 - (0 - (-6 - -69))?
84
-91 + 105 - (22 + 17)
-25
108 + (-16 - -91 - 156)
27
What is (43 - 71) + 36 + 63?
71
Calculate -3 + 33 + -37 + 13 + 0.
6
What is 47 + (5 - (5 + 5 + -9)) + (-6 - 11)?
34
Evaluate -152 - (-51 - 42) - -92.
33
9 - ((20 - (-13 - -44)) + (61 - 2))
-39
-26 - 7 - -26 - (-13 + 1 + 1)
4
Evaluate ((30 - 13) + -2 - 25 - 18) + 6.
-22
Calculate (-17 + 15 + -2 + 0 - (164 - 165)) + 31.
28
Calculate -6 - (-2 + 19 + (55 - (-27 + 78))).
-27
18 + 0 - (44 - (-9 + 43 + 4))
12
Evaluate 364 + -364 + (11 - 6 - (-41 - -3)).
43
What is the value of 5 - (-49 - (11 - (8 - -8)) - (-4 - 6))?
39
What is -23 - (-34 + -11) - 15?
7
Evaluate (15 - -44) + -199 + (31 - 4 - 4).
-117
What is ((12 - -2) + -13 - (4 - 15)) + 18?
30
Calculate -142 + 152 + -83 + (-2 - -4) + -1.
-72
What is the value of -1 + -13 - (70 + -192 - -170)?
-62
(-4 - -14) + 1 + 34 + -29
16
Calculate -9 - (47 - (108 - 72)).
-20
(-17 - 5 - -67) + (-1 + 0 - 10)
34
What is (-3 - (2 - 2)) + 16 - (-613 - -624)?
2
What is (50 - 26) + (-30 - 3)?
-9
-27 + (52 - -13) + 20 + 5
63
What is 5 + -1 + -7264 + 7252?
-8
Calculate -48 + 147 + -118 - (1 - -10).
-30
What is the value of (4 - (-4 + 11) - (0 + -5)) + -10 + 42?
34
11 + (-6 - (4 + -9 + 11)) + 9
8
Evaluate -13 - ((51 - (4 + -17 + -3 + 10)) + -4).
-66
Evaluate (144 - 155) + (-20 - 0) - 11.
-42
Calculate (45 - 14) + -19 + -1 + 2 - -12.
25
Evaluate (0 - -29) + (400 - 445).
-16
(-107 + 16 + -30 - -35) + 35
-51
What is (-116 - -128) + (-9 - 78) - ((-3 - 7) + 0)?
-65
What is (-11 + (-30 - -19) - -16) + (70 - -3)?
67
Evaluate -32141 + 32163 + (-1 - (-46 + 0)).
67
Evaluate 2 + -3 + 37 + (46 + -28 - (0 + 12)).
42
What is 1 + 7 + -2 + 58 + -28 + (-34 - 31)?
-29
(-40 + -19 - 0 - 44) + 1 + -16 + 2
-116
0 + -5 + (-13 + -31 + 20 - -64)
35
Calculate 2 - (-43 + 34) - ((2 - 4) + 24).
-11
1 + 35 - (-180 - -193)
23
Evaluate -19 - -27 - (-68 + 150).
-74
112 + -16 + (25 - -15) + (1 - 18)
119
Calculate 167 - (122 + -47 + 21).
71
What is 2 - 1 - ((53 + -92 - 1) + 138)?
-97
Evaluate -8 - -13 - -20 - 29.
-4
Evaluate -107 + (25 + 44 - 29).
-67
Evaluate (83 - 31) + -23 - -9 - 102.
-64
What is the value of -4 + (-15 + -2 + -22 - -11) + -9?
-41
What is the value of (-10 - (1 - 11)) + (1 - 5) + (41 - 34)?
3
Evaluate -39 + (2 - ((20 - 25) + (3 + 11 - 1))).
-45
15 + -10 - (11 + 0 + -3 + 8) - -45
34
What is -5 + (6 - (-4 + (-1 - -11))) + (-2 - -51)?
44
92 + -159 - (2 + -24)
-45
Calculate 1106 + -1102 + (58 - (-1 - -2)) + (-1 - -1).
61
(-47 - -110 - -46) + -159
-50
What is (-12 - -29) + (-6 - (18 + 3 + -18))?
8
What is the v